alse
Is 4328525827 composite?
False
Is 3385294501 a composite number?
True
Is 31692619 composite?
True
Is 1320631121 a composite number?
True
Is 17641871473 a prime number?
False
Is 5653933687 prime?
False
Is 21086143843 a prime number?
False
Is 2063221361 a prime number?
False
Is 55699648673 prime?
True
Is 264998821 a prime number?
False
Is 522811031 composite?
True
Is 13676212439 composite?
False
Is 9972593537 a composite number?
False
Is 1630996531 composite?
True
Is 76771697 composite?
False
Is 1629767429 composite?
True
Is 1944191933 prime?
False
Is 1191611891 composite?
False
Is 2175568067 a composite number?
False
Is 263146742 a composite number?
True
Is 100349261 a prime number?
False
Is 32985047 a prime number?
True
Is 9321047803 prime?
True
Is 3729255977 a composite number?
False
Is 544480346 a prime number?
False
Is 21130652311 a composite number?
True
Is 258635848193 a prime number?
False
Is 11798424809 prime?
False
Is 921650231 composite?
True
Is 33819767399 a composite number?
True
Is 27678691139 a prime number?
False
Is 23538454097 composite?
False
Is 2337737027 a composite number?
True
Is 399605099 a prime number?
True
Is 1069851613 composite?
False
Is 45126291071 prime?
True
Is 1054169689 prime?
False
Is 301563827 prime?
True
Is 129257648797 a prime number?
False
Is 66945520211 composite?
True
Is 471048031 a prime number?
True
Is 637709581 a composite number?
True
Is 20202560237 a prime number?
True
Is 2960378591 composite?
False
Is 4737479039 a composite number?
False
Is 345343871 composite?
False
Is 191403766183 composite?
True
Is 5422318939 composite?
True
Is 6524637271 prime?
True
Is 75405084379 prime?
True
Is 24086587009 a prime number?
True
Is 5830151 prime?
True
Is 8645774435 a prime number?
False
Is 47850752569 composite?
True
Is 11253513109 a prime number?
False
Is 257122271 prime?
False
Is 19929128969 prime?
True
Is 318557221 a prime number?
True
Is 4458149599 a prime number?
True
Is 77119530443 a prime number?
True
Is 13993132561 a prime number?
False
Is 3083205401 prime?
False
Is 1765492031 composite?
False
Is 72630052819 a prime number?
False
Is 31213591 composite?
True
Is 2096761981 prime?
False
Is 7439913227 prime?
False
Is 36388818863 a composite number?
True
Is 12467306197 a prime number?
True
Is 77923987797 composite?
True
Is 1223920563 prime?
False
Is 24745316281 prime?
False
Is 52283417 a composite number?
False
Is 1345061111 a composite number?
True
Is 32753581397 a prime number?
False
Is 1591582229 a prime number?
True
Is 12300216857 a composite number?
True
Is 520907207 composite?
False
Is 14992658381 a prime number?
False
Is 33844823 a prime number?
True
Is 8163168946 composite?
True
Is 2485351619 composite?
True
Is 228823957 a composite number?
True
Is 1284862009 a prime number?
False
Is 15100247849 prime?
True
Is 10116257617 a composite number?
True
Is 1369109813 prime?
True
Is 28549419839 a composite number?
True
Is 28351446763 a composite number?
False
Is 11683450111 composite?
True
Is 434595101 prime?
True
Is 81964289471 a composite number?
False
Is 370651691 a prime number?
True
Is 3656009629 prime?
True
Is 29421584519 a prime number?
True
Is 131582897 a prime number?
False
Is 5176558945 composite?
True
Is 188711099 a composite number?
False
Is 417459643 prime?
False
Is 1929859189 a prime number?
False
Is 61634835017 prime?
False
Is 19869642427 a prime number?
True
Is 35028367 composite?
True
Is 100281288739 composite?
True
Is 3340931819 composite?
True
Is 2283307058 prime?
False
Is 7859518203 composite?
True
Is 82819585907 prime?
True
Is 1986056797 prime?
False
Is 14723094781 a prime number?
False
Is 363589688299 a composite number?
False
Is 157486427 composite?
True
Is 68319195421 composite?
False
Is 3224017739 composite?
True
Is 12803917409 a prime number?
True
Is 1049007523 a prime number?
False
Is 3489275017 prime?
True
Is 14198306897 a prime number?
False
Is 1899443243 composite?
True
Is 869666561 prime?
True
Is 1871694889 prime?
True
Is 1817009899 a composite number?
False
Is 17499554165 prime?
False
Is 4493640979 composite?
False
Is 68351630029 a prime number?
True
Is 964519897 a prime number?
False
Is 157316399 composite?
True
Is 860138129 prime?
False
Is 20560281823 a composite number?
True
Is 1124212751 a prime number?
True
Is 77818031 a prime number?
False
Is 1957630183 composite?
False
Is 53109660389 prime?
True
Is 499005041 composite?
False
Is 35913455657 composite?
False
Is 1468942795 a composite number?
True
Is 2299616939 a prime number?
False
Is 7068687949 a prime number?
False
Is 133539613143 a composite number?
True
Is 840818749 prime?
True
Is 5685581029 a prime number?
True
Is 813237013 prime?
False
Is 35630082973 composite?
False
Is 456547207 prime?
False
Is 16556020037 a prime number?
False
Is 26281236737 prime?
False
Is 16360048963 prime?
True
Is 638776003 a composite number?
True
Is 9480118007 prime?
False
Is 51540121 composite?
False
Is 80378411221 prime?
True
Is 66612591814 a composite number?
True
Is 54833410883 prime?
True
Is 335735287 composite?
False
Is 4370531759 composite?
True
Is 59171931454 a composite number?
True
Is 16585678141 a prime number?
True
Is 75804679 composite?
False
Is 12222831671 composite?
False
Is 166536613 prime?
False
Is 118448917 a prime number?
True
Is 5445551159 a prime number?
True
Is 2386996523 a composite number?
True
Is 4793338499 composite?
False
Is 4259579123 composite?
False
Is 3933718631 a prime number?
True
Is 1801464031 prime?
True
Is 723843503 composite?
True
Is 28127509357 a prime number?
True
Is 1376691457 a prime number?
True
Is 2191818667 prime?
False
Is 1837122971 a composite number?
False
Is 7508209895 a prime number?
False
Is 109229011 prime?
False
Is 231620471 a prime number?
True
Is 1120655743 prime?
True
Is 14677207829 a composite number?
True
Is 3636665503 prime?
True
Is 932921177 a composite number?
True
Is 164021119637 composite?
False
Is 9555596977 prime?
True
Is 183433815811 a composite number?
False
Is 162080327627 a composite number?
False
Is 8912171551 a composite number?
True
Is 216292991 a prime number?
False
Is 1192052963 a prime number?
False
Is 18876674549 composite?
False
Is 3466053013 prime?
True
Is 3043596841 a composite number?
True
Is 102139429673 prime?
True
Is 16255394317 composite?
False
Is 3735059063 a composite number?
False
Is 544383887 composite?
True
Is 5339797909 a prime number?
True
Is 728534237 prime?
False
Is 55608793 a composite number?
True
Is 170732153 a composite number?
True
Is 6896428751 prime?
True
Is 2841944669 prime?
True
Is 684807941 composite?
False
Is 12663643819 a prime number?
True
Is 16662478463 a composite number?
False
Is 390800503 a prime number?
True
Is 185623979 prime?
True
Is 38117497441 a composite number?
True
Is 3112097113 a prime number?
True
Is 1542626989 a composite number?
True
Is 71812126429 a composite number?
False
Is 612024173 a prime number?
False
Is 40585155511 a composite number?
False
Is 1020710357 a composite number?
False
Is 6239636257 a prime number?
True
Is 3040055443 a composite number?
False
Is 926730307171 a prime number?
True
Is 7992960887 composite?
False
Is 67247156447 prime?
True
Is 27815861914 composite?
True
Is 84046733 composite?
False
Is 154114517 a prime number?
False
Is 112765841 composite?
True
Is 1201896841 a composite number?
True
Is 993787433 a composite number?
False
Is 7394299511 composite?
False
Is 5965813153 prime?
True
Is 6988975429 prime?
True
Is 13777601393 composite?
False
Is 63221881354 composite?
True
Is 634636973 prime?
False
Is 4710735719 a composite number?
False
Is 1439601301 prime?
True
Is 1337108167 composite?
False
Is 4769794787 prime?
True
Is 40066804069 a prime number?
True
Is 2629587253 a prime number?
False
Is 891934819 prime?
True
Is 579478391 composite?
True
Is 62937795643 a composite number?
True
Is 868475129 composite?
False
Is 87024507805 prime?
False
Is 30979462489 a prime number?
True
Is 23684478311 a composite number?
True
Is 911014145 a composite number?
True
Is 1991776807 prime?
True
Is 26747180461 a composite number?
False
Is 93178016179 composite?
False
Is 395152019 a prime number?
False
Is 1666115803 prime?
False
Is 6924139237 composite?
True
Is 1012934233 composite?
True
Is 35305927381 a composite 